2 - v + 8. Let w be f(4). Calculate the remainder when 58 is divided by ((-27)/w)/(3/20).
13
Let k(t) = 14*t + 177. Calculate the remainder when 252 is divided by k(-9).
48
Suppose -83*i - 5*f - 96 = -84*i, 3*i - 249 = 2*f. Calculate the remainder when 485 is divided by i.
80
Let i = 5 + -3. Let x(p) = 5*p**3 + 12*p**i - 5*p**3 + 5 - 5*p**2 - 2*p + p**3. What is the remainder when x(-4) is divided by 32?
29
Suppose 6*c - 297 = -5*c. What is the remainder when c is divided by 5?
2
Suppose 2*u + 18 = 5*f + u, 2*u = 4. Suppose -4*s - f*g = -84, -11 - 12 = -s + g. Calculate the remainder when 4 + 20/(-6) - 374/(-6) is divided by s.
19
Suppose 0*l = -2*l - 288. Let p = -84 - l. Suppose 3*a = -4*j + 44, 3*j + 4*a = p - 20. Calculate the remainder when 30 is divided by j.
6
Let v = 348 + -326. Calculate the remainder when v is divided by 17.
5
Let y(h) = 70*h**2 - 23*h - 56. Calculate the remainder when y(-2) is divided by 31.
22
Suppose z + 2376 = 4*m, -5*m = 27*z - 25*z - 2970. Calculate the remainder when m is divided by 86.
78
Let z = 235 - 87. Let f be ((-5)/1)/((-4)/z). Suppose j + f = 2*g, -3*g + 6*j + 276 = 4*j. Calculate the remainder when g is divided by 32.
30
Suppose 62*i - 45 = 53*i. Let g(r) = -29*r + 13. Let d(u) = -10*u + 4. Let l(z) = 11*d(z) - 4*g(z). Calculate the remainder when l(i) is divided by 6.
4
Let t = -6 + 14. Let h(m) = -m**3 + 7*m**2 + 6*m + 7. Let z be h(t). What is the remainder when 21 is divided by 1 + 12/(-3) - z?
3
Let x(n) = n**2 + 13. Let p(c) = -c**3 + 3*c**2 + 11*c - 5. Let y = 18 - 13. Let v be p(y). Calculate the remainder when x(v) is divided by 7.
6
Let w = 72 - 51. Let g = 105 + -99. Calculate the remainder when w is divided by g.
3
Suppose -4*p + 84 = u, -2*u + 2*p - 42 + 160 = 0. Let w = 92 - u. Let o = w + -18. Calculate the remainder when 19 is divided by o.
9
Suppose 0 = 4*l - l + 3. Let x(o) = -17*o - 2. What is the remainder when 57 is divided by x(l)?
12
Suppose 165 = 5*r + 5*h, 3*r - 4*h + 8 = 72. Calculate the remainder when r is divided by 12.
4
Let m = -579 - -620. What is the remainder when 117 is divided by m?
35
Let g be (5 + -2)*30/(-9). Let h(i) = -i**3 - 10*i**2 - 10*i + 24. Calculate the remainder when h(g) is divided by 21.
19
Let z be (-6)/(-33) - (-48)/(-22). Let y be 6 - (4 + z - -1). Calculate the remainder when (8/(-20))/(y/(-270)) is divided by 13.
10
Suppose -3*h + 145 = -n, -2*h = -43*n + 38*n - 75. What is the remainder when 122 is divided by h?
22
Let q(w) = 40*w - 17. Calculate the remainder when 204 is divided by q(1).
20
Let c(r) = r**3 + 9*r**2 + 6*r + 17. Let j be c(-7). Suppose 0 = -70*d + j*d - 48. What is the remainder when 63 is divided by d?
15
Let r(v) = -3*v - 44. Let t(h) = h + 22. Let d(p) = 2*r(p) + 5*t(p). What is the remainder when d(7) is divided by (4/(-6))/(2/(-18))?
3
Suppose -5*g - 448 = -4*f - 9*g, 2*g = 2*f - 240. Suppose -3*y + 188 = 116. Calculate the remainder when f is divided by y.
20
Suppose 99 = -18*d + 621. Calculate the remainder when d is divided by 15.
14
Let o = -340 + 431. Calculate the remainder when o is divided by 4.
3
Suppose -4*z - 11 = t + 2*t, -2*z + 5*t = -27. Let c = -4 + z. Calculate the remainder when 45 is divided by (2/c)/(4/(-138)).
22
Suppose 59*f - 62*f = -1503. Suppose -353 = -14*i + f. Calculate the remainder when i is divided by 32.
29
Suppose -89*v = -80*v - 1395. Calculate the remainder when v is divided by 20.
15
Let h(y) = y**2 - 7*y - 13. Let i be h(9). Suppose -u = -i - 22. Suppose -15 = -3*v + 2*v. What is the remainder when u is divided by v?
12
Suppose 8*y + 20 = 12*y. Suppose n - d - 4*d - 35 = 0, -y = -n - d. What is the remainder when 78 is divided by 25/n*6 - -1?
14
Let z = -17 - 21. Let m = -22 - z. What is the remainder when 58 is divided by m?
10
Suppose -2*x - 2 + 6 = 0. Let c = 107 + -70. Let k = 42 - c. Calculate the remainder when k is divided by x.
1
Let v = -15 - -15. Calculate the remainder when 12 is divided by 2*-1*(-5 - (0 - v)).
2
Let t = 1773 + -1729. Calculate the remainder when t is divided by 25.
19
Let v(z) = -z**2 - 10. Let n(q) = 1. Let w(s) = -3*n(s) - v(s). What is the remainder when 56 is divided by w(3)?
8
Let q = -54 + 46. What is the remainder when 65 is divided by (-1 - 2) + -2*148/q?
31
Let z(g) = 4*g**2 + 10*g + 15. Let x be z(-3). Suppose s - j = 39, -5*j + 9 = -s + 28. Let y = s - x. What is the remainder when y is divided by 12?
11
What is the remainder when 202 is divided by (-5)/(30/18) + 3 + 1?
0
Suppose 6*b - 45 = -3*b. Calculate the remainder when 61 is divided by (-6)/(-15) + 58/b - 3.
7
Suppose 492*n - 483*n - 621 = 0. Calculate the remainder when 272 is divided by n.
65
Let k = 594 - 572. Calculate the remainder when 1 - (-3 + 2)*82 is divided by k.
17
Let d = 65 + -16. Suppose 0 = -8*n - d + 225. Let b = 153 - 89. What is the remainder when b is divided by n?
20
Let t(x) = -x**3 + 109*x**2 + 101*x + 1066. Suppose 5*k - k - 88 = 0. What is the remainder when t(110) is divided by k?
10
Let d = 1 - 13. Let r = -7 - d. Suppose 0 = -6*y + 4*y + 38. What is the remainder when y is divided by r?
4
Let y = -12 - -12. Suppose i = -5, g + 4*i + 18 = -y*g. Calculate the remainder when 67 is divided by ((-18)/(-8) + g)*4.
16
Suppose -2*s + 5*m - 39 = s, -27 = 2*s - 3*m. Let k = s - -37. Calculate the remainder when 33 is divided by k.
14
Let q(m) = m**2 + m - 11. What is the remainder when q(6) is divided by 18?
13
Suppose -3*w + 0*w - 4*x = -174, 2*x = 5*w - 290. Let l = -44 + w. Calculate the remainder when 23 is divided by l.
9
Calculate the remainder when 8 + (-187 + 8)/(-1) is divided by 4.
3
Calculate the remainder when -18*(332/(-18) - -8) is divided by 60.
8
Suppose 5*c = -0*c + 30. Let i = 951 + -934. What is the remainder when i is divided by c?
5
Let r be -4*(-9)/6 - 2. Suppose -d - 252 = -r*d. Calculate the remainder when d is divided by (5 + -2)/(6/58).
26
Let t be 3 + (-2)/(-4)*(122 + 12). Let d = t - 47. What is the remainder when d is divided by 13?
10
Suppose -j - v = -5 - 2, -v - 3 = -4*j. Suppose -2*a - 2*a = -4*q + 48, 0 = 5*q + 5*a - 110. What is the remainder when q is divided by (-3)/6 - (-13)/j?
5
Suppose 5*m + n - 6*n = 2275, -5*n = -2*m + 910. Calculate the remainder when m is divided by 33.
26
Suppose -4*t + 1840 + 1880 = 0. What is the remainder when t is divided by 156?
150
Let r(h) = 8*h + 37. What is the remainder when (-3)/(10 + -6 - (-197)/(-49)) is divided by r(0)?
36
Suppose 3*p - 433 + 79 = -5*x, 3*x + p - 210 = 0. Calculate the remainder when 333 is divided by x.
57
Suppose 3*q - 2*z - 85 = 0, 2*z + 49 + 7 = 2*q. Calculate the remainder when 404 is divided by q.
27
Let f = 236 - 218. Suppose x = -4*t + 203, 53 = -4*t - 2*x + 259. What is the remainder when t is divided by f?
14
Let h be (-4)/22 + 2 + (-2877)/(-33). Suppose -l + h = 41. What is the remainder when l is divided by 19?
10
Let t = -452 + 461. Calculate the remainder when 31 is divided by t.
4
Suppose 25 = 4*k - 43. What is the remainder when k is divided by (-4 - (-15 - -2)) + 1?
7
What is the remainder when (0 - 592/(-5))/((-98)/(-245)) is divided by 11?
10
Suppose -3*c = 2 - 8. Suppose 69 - 15 = c*g. What is the remainder when g is divided by (-6)/(-9)*24 - 1?
12
Let h(q) = 12*q. What is the remainder when h(8) is divided by 168/(-18)*(-3)/2?
12
Let r(t) = -t**2 - 20*t - 2. What is the remainder when r(-5) is divided by 17?
5
Let a be 1*(3 + -3 + 3). Let b(o) = -3 + 10*o + 7 - 3 - a*o + o**2. Calculate the remainder when 1 is divided by b(-7).
0
What is the remainder when 82 is divided by ((-60)/(-10))/(2/26)?
4
Calculate the remainder when 179 is divided by 1/2*1/(2/144).
35
Let q be 50*((-2)/(-4) + 0). Let w(d) = d**2 - 7*d - 2. Let u be w(8). Let v = q - u. What is the remainder when v is divided by 11?
8
Let m(w) = 115*w + 679. Let h be m(-6). Suppose 2*v + i + 9 = 0, 3*v = -2*v - 5*i - 15. Let r = v - h. Calculate the remainder when 13 is divided by r.
3
Suppose -5*c + m = -4*c + 17, -4*c - 80 = -m. Let s = 19 + c. What is the remainder when 49 is divided by (30 - -4)*s/(-4)?
15
Let h be 5/(-2)*24/(-30). Suppose 0 = h*a - 6 - 74. Calculate the remainder when a is divided by 7.
5
Suppose -2*m + 3*f = -41 - 61, -4*m - f + 204 = 0. What is the remainder when m is divided b